1
What are the prime factors of 901849?
13, 173, 401
What are the prime factors of 17885674?
2, 23, 503, 773
What are the prime factors of 13638273?
3, 11, 37571
List the prime factors of 34734.
2, 3, 7, 827
List the prime factors of 4067629.
4067629
List the prime factors of 484509.
3, 161503
List the prime factors of 2367995.
5, 7, 29, 2333
List the prime factors of 2060255.
5, 412051
List the prime factors of 1617969.
3, 539323
List the prime factors of 1905389.
23, 37, 2239
List the prime factors of 3258666.
2, 3, 269, 673
What are the prime factors of 1338084?
2, 3, 11, 31, 109
List the prime factors of 107580.
2, 3, 5, 11, 163
What are the prime factors of 8567117?
13, 163, 311
List the prime factors of 587290.
2, 5, 11, 19, 281
What are the prime factors of 846364?
2, 457, 463
List the prime factors of 374628.
2, 3, 31219
What are the prime factors of 273383?
11, 29, 857
What are the prime factors of 193332?
2, 3, 16111
What are the prime factors of 909753?
3, 13, 23327
What are the prime factors of 20834240?
2, 5, 7, 71, 131
What are the prime factors of 243134?
2, 17, 7151
List the prime factors of 53234.
2, 43, 619
List the prime factors of 6036310.
2, 5, 7, 97, 127
List the prime factors of 7405001.
31, 53, 4507
What are the prime factors of 449462?
2, 13, 59, 293
What are the prime factors of 24632490?
2, 3, 5, 17, 48299
List the prime factors of 81464.
2, 17, 599
List the prime factors of 5894815.
5, 1178963
What are the prime factors of 22712?
2, 17, 167
List the prime factors of 184623.
3, 19, 41, 79
What are the prime factors of 5764213?
7, 13, 9049
List the prime factors of 3430343.
7, 73, 137
List the prime factors of 1817350.
2, 5, 19, 1913
List the prime factors of 67186.
2, 7, 4799
What are the prime factors of 5335713?
3, 19, 3467
What are the prime factors of 27535236?
2, 3, 313, 7331
List the prime factors of 890638.
2, 7, 63617
List the prime factors of 67205.
5, 13441
What are the prime factors of 100133?
11, 9103
What are the prime factors of 112030?
2, 5, 17, 659
List the prime factors of 289890.
2, 3, 5, 3221
List the prime factors of 32772040.
2, 5, 7, 117043
What are the prime factors of 2708745?
3, 5, 13, 29, 479
List the prime factors of 213549.
3, 7, 10169
List the prime factors of 181567.
31, 5857
What are the prime factors of 37366?
2, 7, 17, 157
What are the prime factors of 11154927?
3, 7, 647, 821
What are the prime factors of 5202215?
5, 53, 67, 293
List the prime factors of 16410210.
2, 3, 5, 547007
List the prime factors of 303113.
41, 7393
What are the prime factors of 4349057?
157, 27701
What are the prime factors of 464705?
5, 92941
What are the prime factors of 714777?
3, 7, 101, 337
What are the prime factors of 1492797?
3, 89, 5591
What are the prime factors of 14423890?
2, 5, 13, 181, 613
List the prime factors of 174179.
23, 7573
List the prime factors of 2767972.
2, 191, 3623
What are the prime factors of 106452?
2, 3, 2957
List the prime factors of 134621.
103, 1307
List the prime factors of 1278711.
3, 7, 20297
What are the prime factors of 4185348?
2, 3, 348779
List the prime factors of 540518.
2, 11, 79, 311
List the prime factors of 1167460.
2, 5, 7, 31, 269
What are the prime factors of 22823436?
2, 3, 823, 2311
What are the prime factors of 272019?
3, 11, 8243
What are the prime factors of 367287?
3, 23, 5323
What are the prime factors of 417796?
2, 149, 701
List the prime factors of 128591.
128591
What are the prime factors of 534592?
2, 8353
What are the prime factors of 1707209?
7, 34841
What are the prime factors of 1495383?
3, 498461
List the prime factors of 489639.
3, 227, 719
What are the prime factors of 266244?
2, 3, 11, 2017
List the prime factors of 11482703.
2297, 4999
What are the prime factors of 23100997?
67, 344791
What are the prime factors of 395739?
3, 14657
List the prime factors of 83641.
83641
What are the prime factors of 1122217?
61, 18397
What are the prime factors of 16137628?
2, 13, 23, 103, 131
List the prime factors of 5837093.
101, 57793
List the prime factors of 1152682.
2, 576341
What are the prime factors of 5270311?
5270311
What are the prime factors of 2515921?
2515921
List the prime factors of 4622864.
2, 288929
What are the prime factors of 487175?
5, 13, 1499
What are the prime factors of 6699727?
6699727
List the prime factors of 755959.
755959
What are the prime factors of 56954?
2, 28477
What are the prime factors of 446268?
2, 3, 37189
What are the prime factors of 8707024?
2, 557, 977
List the prime factors of 12916062.
2, 3, 717559
What are the prime factors of 2311653?
3, 770551
List the prime factors of 19513385.
5, 3902677
List the prime factors of 274213.
274213
List the prime factors of 275462.
2, 11, 19, 659
List the prime factors of 6495276.
2, 3, 37, 14629
What are the prime factors of 169049?
169049
List the prime factors of 110431.
110431
What are the prime factors of 112909?
112909
List the prime factors of 3481867.
701, 4967
List the prime factors of 230288.
2, 37, 389
What are the prime factors of 2403250?
2, 5, 9613
What are the prime factors of 5943362?
2, 139, 21379
List the prime factors of 190659.
3, 7, 1297
List the prime factors of 2929548.
2, 3, 244129
List the prime factors of 5133590.
2, 5, 7, 11, 59, 113
List the prime factors of 2309500.
2, 5, 31, 149
List the prime factors of 883400.
2, 5, 7, 631
List the prime factors of 1781343.
3, 197927
What are the prime factors of 9062515?
5, 7, 11, 23539
List the prime factors of 1296314.
2, 139, 4663
What are the prime factors of 2346787?
53, 44279
List the prime factors of 15472637.
15472637
List the prime factors of 17150.
2, 5, 7
List the prime factors of 3532222.
2, 743, 2377
List the prime factors of 4445117.
149, 29833
List the prime factors of 3087717.
3, 29, 35491
List the prime factors of 272390.
2, 5, 27239
What are the prime factors of 15022050?
2, 3, 5, 17, 43, 137
What are the prime factors of 382507?
382507
What are the prime factors of 2684203?
2684203
List the prime factors of 218112.
2, 3, 71
What are the prime factors of 897983?
897983
List the prime factors of 4450836.
2, 3, 13, 103, 277
What are the prime factors of 8893293?
3, 47, 63073
What are the prime factors of 7485942?
2, 3, 31, 167, 241
What are the prime factors of 153105?
3, 5, 59, 173
List the prime factors of 1618593.
3, 439, 1229
What are the prime factors of 24497382?
2, 3, 7, 13, 44867
List the prime factors of 3502804.
2, 875701
List the prime factors of 138788.
2, 13, 17, 157
What are the prime factors of 36233732?
2, 17, 532849
What are the prime factors of 251831?
251831
What are the prime factors of 19829114?
2, 37, 267961
What are the prime factors of 9350550?
2, 3, 5, 11, 1889
What are the prime factors of 11129?
31, 359
List the prime factors of 21814.
2, 13, 839
What are the prime factors of 1348141?
691, 1951
What are the prime factors of 6567282?
2, 3, 23, 29, 547
What are the prime factors of 4626175?
5, 211, 877
What are the prime factors of 1616331?
3, 538777
What are the prime factors of 1647221?
59, 27919
List the prime factors of 72982.
2, 7, 13, 401
List the prime factors of 1167950.
2, 5, 7, 47, 71
List the prime factors of 1488988.
2, 157, 2371
What are the prime factors of 3209?
3209
List the prime factors of 400288.
2, 7, 1787
What are the prime factors of 46260?
2, 3, 5, 257
List the prime factors of 3024168.
2, 3, 7, 47, 383
List the prime factors of 29055414.
2, 3, 17, 284857
List the prime factors of 837702.
2, 3, 5171
List the prime factors of 1029867.
3, 343289
What are the prime factors of 2649091?
2649091
What are the prime factors of 1979128?
2, 247391
What are the prime factors of 1625005?
5, 325001
List the prime factors of 167904.
2, 3, 11, 53
List the prime factors of 3104815.
5, 7, 43, 2063
List the prime factors of 39920789.
39920789
What are the prime factors of 114950?
2, 5, 11, 19
List the prime factors of 2923810.
2, 5, 292381
List the prime factors of 538883.
17, 31699
List the prime factors of 397405.
5, 79481
What are the prime factors of 3722821?
31, 120091
List the prime factors of 2622617.
113, 23209
What are the prime factors of 8443844?
2, 37, 59, 967
What are the prime factors of 352994?
2, 176497
What are the prime factors of 22502657?
